 3353?
3
What is the tens digit of 1398?
9
What is the tens digit of 9797?
9
What is the units digit of 32777?
7
What is the units digit of 623?
3
What is the thousands digit of 55262?
5
What is the tens digit of 15765?
6
What is the hundreds digit of 36690?
6
What is the tens digit of 208?
0
What is the units digit of 3491?
1
What is the tens digit of 8126?
2
What is the ten thousands digit of 40648?
4
What is the hundreds digit of 2142?
1
What is the tens digit of 59?
5
What is the hundreds digit of 17729?
7
What is the units digit of 540?
0
What is the thousands digit of 8389?
8
What is the units digit of 32414?
4
What is the units digit of 1810?
0
What is the hundreds digit of 10346?
3
What is the units digit of 38409?
9
What is the units digit of 4741?
1
What is the thousands digit of 8360?
8
What is the hundreds digit of 448?
4
What is the units digit of 39276?
6
What is the hundreds digit of 5644?
6
What is the thousands digit of 21203?
1
What is the tens digit of 2613?
1
What is the tens digit of 18250?
5
What is the thousands digit of 94274?
4
What is the hundreds digit of 25329?
3
What is the ten thousands digit of 72233?
7
What is the thousands digit of 1001?
1
What is the units digit of 51065?
5
What is the units digit of 9983?
3
What is the ten thousands digit of 11749?
1
What is the hundreds digit of 901?
9
What is the tens digit of 19369?
6
What is the tens digit of 961?
6
What is the tens digit of 2504?
0
What is the thousands digit of 34717?
4
What is the hundreds digit of 366?
3
What is the units digit of 2012?
2
What is the tens digit of 8554?
5
What is the units digit of 107730?
0
What is the units digit of 8128?
8
What is the units digit of 996?
6
What is the hundreds digit of 305?
3
What is the ten thousands digit of 28192?
2
What is the units digit of 373?
3
What is the hundreds digit of 3247?
2
What is the thousands digit of 11112?
1
What is the hundreds digit of 238?
2
What is the hundreds digit of 26094?
0
What is the hundreds digit of 80626?
6
What is the hundreds digit of 13663?
6
What is the ten thousands digit of 50171?
5
What is the ten thousands digit of 69955?
6
What is the units digit of 85?
5
What is the units digit of 20496?
6
What is the tens digit of 11399?
9
What is the units digit of 187?
7
What is the hundreds digit of 341?
3
What is the hundreds digit of 24956?
9
What is the hundreds digit of 47086?
0
What is the hundreds digit of 714?
7
What is the tens digit of 900?
0
What is the tens digit of 10347?
4
What is the hundreds digit of 7929?
9
What is the tens digit of 362?
6
What is the thousands digit of 4176?
4
What is the hundred thousands digit of 112948?
1
What is the units digit of 167?
7
What is the tens digit of 56187?
8
What is the units digit of 73459?
9
What is the hundreds digit of 20901?
9
What is the hundreds digit of 248?
2
What is the units digit of 22548?
8
What is the hundreds digit of 2884?
8
What is the thousands digit of 1641?
1
What is the thousands digit of 3726?
3
What is the tens digit of 13790?
9
What is the tens digit of 8834?
3
What is the tens digit of 561?
6
What is the units digit of 13107?
7
What is the thousands digit of 100663?
0
What is the tens digit of 2941?
4
What is the hundreds digit of 6134?
1
What is the hundreds digit of 152?
1
What is the thousands digit of 45280?
5
What is the units digit of 1151?
1
What is the hundreds digit of 5768?
7
What is the units digit of 517?
7
What is the tens digit of 33771?
7
What is the tens digit of 2031?
3
What is the thousands digit of 1170?
1
What is the tens digit of 29023?
2
What is the units digit of 6069?
9
What is the thousands digit of 58656?
8
What is the units digit of 20684?
4
What is the tens digit of 1130?
3
What is the units digit of 19773?
3
What is the ten thousands digit of 49000?
4
What is the tens digit of 895?
9
What is the units digit of 8296?
6
What is the units digit of 11756?
6
What is the units digit of 704?
4
What is the hundreds digit of 4479?
4
What is the ten thousands digit of 87169?
8
What is the thousands digit of 1221?
1
What is the ten thousands digit of 14775?
1
What is the units digit of 70075?
5
What is the units digit of 868?
8
What is the thousands digit of 3606?
3
What is the ten thousands digit of 10622?
1
What is the units digit of 3171?
1
What is the units digit of 71796?
6
What is the hundred thousands digit of 107612?
1
What is the thousands digit of 3216?
3
What is the thousands digit of 1986?
1
What is the ten thousands digit of 36353?
3
What is the units digit of 18?
8
What is the units digit of 90846?
6
What is the tens digit of 422?
2
What is the thousands digit of 2874?
2
What is the hundreds digit of 3409?
4
What is the tens digit of 503?
0
What is the tens digit of 5850?
5
What is the ten thousands digit of 37945?
3
What is the hundreds digit of 1164?
1
What is the hundreds digit of 11376?
3
What is the units digit of 6259?
9
What is the units digit of 228?
8
What is the tens digit of 7812?
1
What is the thousands digit of 1010?
1
What is the hundreds digit of 467?
4
What is the ten thousands digit of 40629?
4
What is the tens digit of 72?
7
What is the units digit of 57954?
4
What is the thousands digit of 25166?
5
What is the tens digit of 17663?
6
What is the hundreds digit of 1026?
0
What is the tens digit of 393?
9
What is the units digit of 1664?
4
What is the tens digit of 4061?
6
What is the thousands digit of 18692?
8
What is the hundreds digit of 2564?
5
What is the tens digit of 4790?
9
What is the ten thousands digit of 14587?
1
What is the hundreds digit of 3706?
7
What is the tens digit of 30162?
6
What is the units digit of 1764?
4
What is the tens digit of 30409?
0
What is the tens digit of 28136?
3
What is the thousands digit of 2051?
2
What is the units digit of 417?
7
What is the tens digit of 866?
6
What is the units digit of 3673?
3
What is the hundreds digit of 741?
7
What is the tens digit of 5956?
5
What is the units digit of 54828?
8
What is the ten thousands digit of 81049?
8
What is the tens digit of 2154?
5
What is the tens digit of 5036?
3
What is the thousands digit of 10068?
0
What is the units digit of 808?
8
What is the tens digit of 8778?
7
What is the units digit of 692?
2
What is the hundreds digit of 1430?
4
What is the units digit of 42397?
7
What is the tens digit of 2726?
2
What is the hundred thousands digit of 145344?
1
What is the units digit of 49?
9
What is the ten thousands digit of 23808?
2
What is the hundreds digit of 104887?
8
What is the tens digit of 32?
3
What is the units digit of 3771?
1
What is the units digit of 3664?
4
What is the hundreds digit of 421?
4
What is the hundreds digit of 4446?
4
What is the hundreds digit of 921?
9
What is the ten thousands digit of 27585?
2
What is the hundreds digit of 2539?
5
What is the tens digit of 1537?
3
What is the thousands digit of 1705?
1
What is the units digit of 113185?
5
What is the units digit of 33945?
5
What is the tens digit of 1391?
9
What is the hundreds digit of 1866?
8
What is the hundreds digit of 12821?
8
What is the hundreds digit of 1411?
4
What is the thousands digit of 1193?
1
What is the thousands digit of 2788?
2
What is the thousands digit of 5271?
5
What is the hundreds digit of 4774?
7
What is the units digit of 2068?
8
What is the units digit of 448?
8
What is the hundreds digit of 12429?
4
What is the units digit of 59452?
2
What is the thousands digit of 2977?
2
What is the thousands digit of 14814?
4
What is the hundreds digit of 1056?
0
What is the units digit of 823?
3
What is the hundreds digit of 281?
2
What is the hundreds digit of 5305?
3
What is the units digit of 379?
9
What is the hundreds digit of 1540?
5
What is the units digit of 35?
5
What is the ten thousands digit of 53034?
5
What is the units digit of 233?
3
What is the hundreds digit of 355?
3
What is the hundreds digit of 1734?
7
What is the thousands digit of 4402?
4
What is the units digit of 1138?
8
What is the ten thousands digit of 41726?
4
What is the tens digit of 26367?
6
What is the hundreds digit of 442?
4
What is the hundreds digit of 1059?
0
What is the units digit of 9734?
4
What is the thousands digit of 5447?
5
What is the hundreds digit of 6811?
8
What is the hu